 -7. Suppose o*c - c - 3*f = 25, 4*c + 4*f - 52 = 0. What are the prime factors of c?
2
Suppose 6*a - 12 = 3*a. Let q be 2/a*2 + 17. Suppose -5*o - 2*l + 17 + q = 0, 2*l = -3*o + 17. List the prime factors of o.
3
Suppose -38 - 68 = -2*l. List the prime factors of l.
53
Let y(b) = b**3 + 8*b**2 + 8*b + 1. Let g(r) = -r**2 - 2*r + 2. Let a be g(-4). List the prime factors of y(a).
5
Let d = 15 - -13. Suppose l + l = d. List the prime factors of l.
2, 7
Suppose 42 = 3*p + 6. Suppose 0*b + b = p. What are the prime factors of b?
2, 3
Let g(u) = 20*u**3 - 2*u**2 + 1. Let f be ((-9)/(-6))/(2/4). Suppose d - 4 = -f. What are the prime factors of g(d)?
19
Let k(b) = b**3 + 10*b**2 + 8*b - 5. Let p be k(-9). Suppose w = -5*i - 17, -6 - 5 = -w + 2*i. List the prime factors of p/w*(-18)/(-4).
2, 3
Let p(v) = -2 + 0 + 58*v - 59*v + 3*v**2. Suppose 0 = -3*u + i - 1, 2*i = -4*u - u - 20. What are the prime factors of p(u)?
2, 3
Suppose -3*x - x + 8 = 0. Suppose -c - 6 = -3*b + x*c, -b - 4*c + 2 = 0. Suppose b*u = u + 2. List the prime factors of u.
2
Suppose -105 = -4*f + f. What are the prime factors of f?
5, 7
Let r be 10/3*(-6)/(-5). Let l(g) = g - 1. Let q be l(-4). List the prime factors of r/q*(-11 - -1).
2
Let w(d) = -d + 1. Let h be w(-1). What are the prime factors of -24*((-3)/h)/3?
2, 3
Let c(y) = 3*y - 3. Let k(z) = z. Let d(q) = -c(q) + 6*k(q). List the prime factors of d(4).
3, 5
Suppose -3*t + 12 = -4*v + v, 2*t = -3*v - 2. Let i(z) = -2*z**3 - z**2 + 3*z + 3. Let g be i(v). Let n(d) = -d**2 + 11*d - 12. List the prime factors of n(g).
2, 3
Let p(s) = -6*s**2 + s + 1. Let d be p(-1). Let g(q) = q**3 + 5*q**2 - 8*q. Let v be g(d). Let f = -6 + v. List the prime factors of f.
2, 3
Suppose -5*l + l = -24. What are the prime factors of l/9*(6 - 3)?
2
Let g(y) = 6*y**2 - y - 1. Let s be g(-1). Let c(h) = 2*h - 8. What are the prime factors of c(s)?
2
Let j(g) = -g**3 + 8*g**2 + 39*g + 3. List the prime factors of j(-6).
3, 7, 13
Suppose -2234 = -17*y + 1948. What are the prime factors of y?
2, 3, 41
Let i(y) = -y**2 - 7*y + 11. Let r be i(-8). Suppose -r*d = 4*p - 2*p - 42, -3*p + 48 = -3*d. What are the prime factors of p?
2, 3
Let v be -3*(2 + 2)*-1. Let y = 26 - v. List the prime factors of y.
2, 7
Suppose -3*w + 2 = -p, w + 27 = -2*p + 2. Let s(y) = -y**2 + 14*y - 18. Let v be s(13). Let j = v - p. What are the prime factors of j?
2, 3
Let u(r) = -2*r - 2*r - r + r**3 - 6*r**2 - 9. Let m be u(7). Suppose 0 = 3*x - m*x + 6. What are the prime factors of x?
3
Suppose 0 = 6*h - 113 - 121. List the prime factors of h.
3, 13
Let t = -14 - -21. List the prime factors of 49*(30/t)/5.
2, 3, 7
Let x = 21 - -15. List the prime factors of x.
2, 3
Let i be -2 + 27 - 9/3. Suppose -3*m + 16 = -2*m - 3*u, -u = -m + i. List the prime factors of m.
5
Let c be (-2)/4 + 105/(-6). What are the prime factors of (-12)/c*(3 + 0)?
2
Suppose -f - f = 5*m - 23, 2*f = 2*m + 2. Suppose -z + 37 = 3*o, -f*z + 0*o = -3*o - 118. List the prime factors of z.
31
Let p(s) = 3*s - 4. Suppose 2*h + 4*d - 22 = 0, -2*d = -h - 3*d + 8. What are the prime factors of p(h)?
11
Let c = -117 + 199. Suppose 3*b = c - 4. What are the prime factors of b?
2, 13
Let y be 32/(-3 + 2 + 2). Suppose 2*n = -j + y, n - 5*j + 0 - 16 = 0. List the prime factors of n.
2
Let v = 16 - 11. Suppose n - 5 = v. What are the prime factors of n?
2, 5
Let w(o) = -10*o + 18. List the prime factors of w(-10).
2, 59
Let x(z) = -3*z**2 + 4. Let g(p) = -9*p**2 + 12. Let t(r) = 2*g(r) - 7*x(r). What are the prime factors of t(3)?
23
Let d(c) = 7*c + 8. Let g(z) = -z. Let k(r) = d(r) + 6*g(r). Suppose 5*l + 23 = 7*w - 3*w, 0 = 5*l - 5. List the prime factors of k(w).
3, 5
Let w be 114/(-9) - 2/(-3). What are the prime factors of w/10*40/(-12)?
2
Suppose 7 = 5*s - 5*m - 143, 5*s = -5*m + 110. List the prime factors of s.
2, 13
Let m = 2 - -2. Suppose 0 = 3*i + 2*y - 23, 0 = -4*i + m*y + y. Suppose 2*t = -3*a + 12, i*a - 19 = -6*t + 3*t. List the prime factors of a.
2
Let n = -11 + 15. Let c(y) = y**3 + 6*y**2 + 5*y. Let v be c(-5). Suppose v = n*l - 4*t - 36, 5*t = -3*l + 7 + 4. What are the prime factors of l?
7
Let k(w) be the third derivative of -w**5/40 - w**4/4 - w**3/6 + w**2. Let a(i) be the first derivative of k(i). List the prime factors of a(-6).
2, 3
Suppose -3*l + 5*l - 20 = 0. Suppose -15 = -l*u + 5*u. Suppose 3*s = -u*c - 0*s + 15, 0 = -c + 3*s - 3. List the prime factors of c.
3
Suppose -4*g - 2*l = -0*g - 170, 5*g + l - 214 = 0. What are the prime factors of g?
43
Let f = -5 - -51. Let t be f*(3/(-6) + 1). Suppose -4*m + 12 = -4*r - 20, 0 = -3*m + 4*r + t. List the prime factors of m.
3
What are the prime factors of (-2)/(-7) + (-570)/(-14)?
41
What are the prime factors of (716/(-8) + 0)*4/(-2)?
179
Suppose 0 = 3*n + 2*n - 20. Suppose 0 = -3*i + 5*i - n. Let j = 9 - i. What are the prime factors of j?
7
Let a = 255 - 115. List the prime factors of a.
2, 5, 7
Let j(t) = 2*t**2 - 4*t + 3. Suppose 5*w = -5*q + 85, q - 4*w + 32 = 2*q. Let s be 8/q + 14/6. What are the prime factors of j(s)?
3
Suppose -482 = -9*a - 59. What are the prime factors of a?
47
Suppose -5*l - 87 + 7 = 0. List the prime factors of 4/l + (-37)/(-4).
3
Let v be (1 - -16) + -1 + -2. Suppose -4*l + v = -50. What are the prime factors of l?
2
Let u(n) be the third derivative of -n**4/24 + 5*n**3/3 + 2*n**2. Let q be u(9). List the prime factors of (5 - 3) + 1/q.
3
Suppose 0 = -g + 3*t + 5, g - t - 3 = -0*g. What are the prime factors of g/4 - 9/(-6)?
2
Let d = 4 - 4. Suppose d = -f - 0*f + 14. List the prime factors of f.
2, 7
Let x be (1/2)/(3/6). Let p(k) = -2*k**3 + 7 - 2*k - 3 - 3 + 11*k**3. What are the prime factors of p(x)?
2
Let x(z) = 14 + z**2 - z + 0*z**3 - z**3 + 2*z. Suppose 5*o + 4 = 4. What are the prime factors of x(o)?
2, 7
Let f be 1*-4*(-12)/8. Suppose d - 4*x - f = 0, 5*d = -2*x + 8 + 110. What are the prime factors of d?
2, 11
Let g = 11 + -8. Suppose f - 37 = -3*b, 2*b = -g*f + 10 + 10. List the prime factors of b.
13
Let k = 36 - 7. List the prime factors of k.
29
Let a = 28 - 76. Let w = a - -84. List the prime factors of w.
2, 3
List the prime factors of (3/(-2))/(3/(-16)).
2
Let v = 2 + -2. Suppose 3*d - 2*d - 3 = v. What are the prime factors of d?
3
Suppose 5*o - 4*m - 22 = -142, 0 = 2*m + 10. Let y = o + 19. Let u(w) = -w**2 - 10*w - 3. What are the prime factors of u(y)?
2, 3
Suppose o - 5 = -3. Suppose q - o*q + 41 = 0. What are the prime factors of q?
41
Suppose 3*v = -v + 24. Suppose 3*d + 2*a - 12 = -a, -d + v = -a. List the prime factors of d.
5
Let v(s) = s**2. Let h be v(3). Let l = h + -2. What are the prime factors of l?
7
Suppose 0*s - 125 = -5*s. What are the prime factors of s?
5
Let v(g) = 458*g**2 + 13*g + 12. What are the prime factors of v(-1)?
457
List the prime factors of 11/(3 + 4/(-2)).
11
Suppose -5*s = -4*r - 4*s + 22, -16 = -4*r + 4*s. What are the prime factors of (-10)/15 + 94/r?
3, 5
Let i be ((-1)/2)/(4/(-24)). What are the prime factors of 36/i*20/6?
2, 5
Let p = 5 - 3. Let l = p - 2. Suppose l = 5*h - 0*b + 3*b - 70, -2*h - 5*b = -47. What are the prime factors of h?
11
Suppose -3*v = -h - 4, 0 = -4*h - 3*v - 5 + 4. Let p be h/3 - 228/18. Let j = -5 - p. What are the prime factors of j?
2
Let c(j) = 45*j**2 + 2*j - 1. What are the prime factors of c(1)?
2, 23
Let s(k) = -2*k**2 + 9*k + 2. Let a be s(7). List the prime factors of (a/(-22))/((-2)/(-4)).
3
Let d(o) = -o**2 - 10*o + 6. List the prime factors of d(-6).
2, 3, 5
Suppose q - 848 = -3*l, l - 290 = 3*q - 7*q. What are the prime factors of l?
2, 3, 47
What are the prime factors of 3 - 1 - -1 - -34?
37
Let n(y) = -y**3 - 10*y**2 + 7*y + 1. List the prime factors of n(-11).
3, 5
Let v be -2 + 1/(2/14). Let z = 42 + -11. Suppose v + z = 4*l. List the prime factors of l.
3
Let d(y) = -60*y + 9. List the prime factors of d(-4).
3, 83
Let h be ((-3)/(-6))/(-1)*2. Let m = h - -6. Suppose -7 = -m*a + 3. What are the prime factors of a?
2
Let s(n) = 2*n**2 + 1. Let y be s(-1). Suppose 7 = -y*r + d + 45, 2*d = 3*r - 40. Let i = r + 6. What are the prime factors of i?
2, 3
Let s = -49 - -70. What are the prime factors of s?
3, 7
Suppose 0*o = -o. Suppose 11*j - 12*j + 28 = o. List the prime factors of j.
2, 7
Let w be 0 + (12 